

CREATE TABLE `apps` (
  `id` int(11) NOT NULL AUTO_INCREMENT,
  `id_secundario` int(11) NOT NULL,
  `id_categoria` int(11) NOT NULL,
  `nome` varchar(100) NOT NULL,
  `descricao` text DEFAULT NULL,
  `arquivo_url` varchar(255) DEFAULT NULL,
  `icone` varchar(255) DEFAULT NULL,
  `tamanho_mb` decimal(6,2) DEFAULT NULL,
  `versao` varchar(40) DEFAULT NULL,
  `data_upload` datetime DEFAULT current_timestamp(),
  `ativo` tinyint(1) DEFAULT 1,
  PRIMARY KEY (`id`)
) ENGINE=InnoDB AUTO_INCREMENT=2 DEFAULT CHARSET=utf8mb4 COLLATE=utf8mb4_unicode_ci;

INSERT INTO `apps` (`id`,`id_secundario`,`id_categoria`,`nome`,`descricao`,`arquivo_url`,`icone`,`tamanho_mb`,`versao`,`data_upload`,`ativo`) VALUES ('1','4','3','Xciptv','Aplicativo e Tv Android e mobile','/uploads_loja/app_688bc0b866a25.zip','','0.00','','2025-07-31 19:15:04','1');

CREATE TABLE `canais` (
  `id` int(11) NOT NULL AUTO_INCREMENT,
  `id_dono` int(11) NOT NULL,
  `nome` varchar(100) NOT NULL,
  `categoria_id` int(11) DEFAULT NULL,
  `logo` varchar(255) DEFAULT NULL,
  `descricao` text DEFAULT NULL,
  `epg` varchar(255) DEFAULT NULL,
  `url_stream` text DEFAULT NULL,
  `status` enum('ativo','inativo','bloqueado') DEFAULT 'ativo',
  `data_criacao` datetime DEFAULT current_timestamp(),
  `id_pacote` int(11) DEFAULT NULL,
  PRIMARY KEY (`id`),
  KEY `categoria_id` (`categoria_id`),
  CONSTRAINT `canais_ibfk_1` FOREIGN KEY (`categoria_id`) REFERENCES `categorias` (`id`)
) ENGINE=InnoDB AUTO_INCREMENT=17 DEFAULT CHARSET=utf8mb4 COLLATE=utf8mb4_general_ci;

INSERT INTO `canais` (`id`,`id_dono`,`nome`,`categoria_id`,`logo`,`descricao`,`epg`,`url_stream`,`status`,`data_criacao`,`id_pacote`) VALUES ('9','2','SPORTV 2 HD','9','https://techzzi.site/logos/esportes/sportv2.png',NULL,'SporTV2.br','http://c.techmain.top:80/sanguinacv/cvsanguina/4779884.m3u8','ativo','2025-07-22 15:18:05',NULL);
INSERT INTO `canais` (`id`,`id_dono`,`nome`,`categoria_id`,`logo`,`descricao`,`epg`,`url_stream`,`status`,`data_criacao`,`id_pacote`) VALUES ('10','2','SPORTV 2 SD','9','https://techzzi.site/logos/esportes/sportv2.png',NULL,'SporTV2.br','http://c.techmain.top:80/sanguinacv/cvsanguina/4779885.m3u8','ativo','2025-07-22 15:18:05',NULL);
INSERT INTO `canais` (`id`,`id_dono`,`nome`,`categoria_id`,`logo`,`descricao`,`epg`,`url_stream`,`status`,`data_criacao`,`id_pacote`) VALUES ('11','2','SPORTV 2 HD','9','https://techzzi.site/logos/esportes/sportv2.png',NULL,'SporTV2.br','http://c.techmain.top:80/sanguinacv/cvsanguina/4779884.m3u8','ativo','2025-07-22 15:18:38',NULL);
INSERT INTO `canais` (`id`,`id_dono`,`nome`,`categoria_id`,`logo`,`descricao`,`epg`,`url_stream`,`status`,`data_criacao`,`id_pacote`) VALUES ('12','2','SPORTV 2 SD','9','https://techzzi.site/logos/esportes/sportv2.png',NULL,'SporTV2.br','http://c.techmain.top:80/sanguinacv/cvsanguina/4779885.m3u8','ativo','2025-07-22 15:18:38',NULL);
INSERT INTO `canais` (`id`,`id_dono`,`nome`,`categoria_id`,`logo`,`descricao`,`epg`,`url_stream`,`status`,`data_criacao`,`id_pacote`) VALUES ('13','2','SPORTV 2 HD','9','https://techzzi.site/logos/esportes/sportv2.png',NULL,'SporTV2.br','http://c.techmain.top:80/sanguinacv/cvsanguina/4779884.m3u8','ativo','2025-07-22 17:17:34',NULL);
INSERT INTO `canais` (`id`,`id_dono`,`nome`,`categoria_id`,`logo`,`descricao`,`epg`,`url_stream`,`status`,`data_criacao`,`id_pacote`) VALUES ('14','2','SPORTV 2 SD','9','https://techzzi.site/logos/esportes/sportv2.png',NULL,'SporTV2.br','http://c.techmain.top:80/sanguinacv/cvsanguina/4779885.m3u8','ativo','2025-07-22 17:17:34',NULL);
INSERT INTO `canais` (`id`,`id_dono`,`nome`,`categoria_id`,`logo`,`descricao`,`epg`,`url_stream`,`status`,`data_criacao`,`id_pacote`) VALUES ('15','4','SPORTV 2 HD','29','https://techzzi.site/logos/esportes/sportv2.png',NULL,'SporTV2.br','http://c.techmain.top:80/sanguinacv/cvsanguina/4779884.m3u8','ativo','2025-07-22 22:42:16',NULL);
INSERT INTO `canais` (`id`,`id_dono`,`nome`,`categoria_id`,`logo`,`descricao`,`epg`,`url_stream`,`status`,`data_criacao`,`id_pacote`) VALUES ('16','4','SPORTV 2 SD','29','https://techzzi.site/logos/esportes/sportv2.png',NULL,'SporTV2.br','http://c.techmain.top:80/sanguinacv/cvsanguina/4779885.m3u8','ativo','2025-07-22 22:42:16',NULL);

CREATE TABLE `categorias` (
  `id` int(11) NOT NULL AUTO_INCREMENT,
  `id_dono` int(11) NOT NULL,
  `tipo` enum('canal','filme','serie') NOT NULL DEFAULT 'canal',
  `nome` varchar(100) NOT NULL,
  `id_pacote` int(11) DEFAULT NULL,
  PRIMARY KEY (`id`)
) ENGINE=InnoDB AUTO_INCREMENT=35 DEFAULT CHARSET=utf8mb4 COLLATE=utf8mb4_general_ci;

INSERT INTO `categorias` (`id`,`id_dono`,`tipo`,`nome`,`id_pacote`) VALUES ('9','2','canal','⚽ CANAIS • SPORTV',NULL);
INSERT INTO `categorias` (`id`,`id_dono`,`tipo`,`nome`,`id_pacote`) VALUES ('10','2','filme','Filmes | Acao',NULL);
INSERT INTO `categorias` (`id`,`id_dono`,`tipo`,`nome`,`id_pacote`) VALUES ('11','2','filme','Sem Categoria',NULL);
INSERT INTO `categorias` (`id`,`id_dono`,`tipo`,`nome`,`id_pacote`) VALUES ('12','2','filme','Filmes | Suspense',NULL);
INSERT INTO `categorias` (`id`,`id_dono`,`tipo`,`nome`,`id_pacote`) VALUES ('13','2','filme','Filmes | Legendados',NULL);
INSERT INTO `categorias` (`id`,`id_dono`,`tipo`,`nome`,`id_pacote`) VALUES ('14','2','serie','SÉRIES | NETFLIX',NULL);
INSERT INTO `categorias` (`id`,`id_dono`,`tipo`,`nome`,`id_pacote`) VALUES ('15','2','','SÉRIES | NETFLIX',NULL);
INSERT INTO `categorias` (`id`,`id_dono`,`tipo`,`nome`,`id_pacote`) VALUES ('16','2','','SÉRIES | NETFLIX',NULL);
INSERT INTO `categorias` (`id`,`id_dono`,`tipo`,`nome`,`id_pacote`) VALUES ('17','2','','SÉRIES | NETFLIX',NULL);
INSERT INTO `categorias` (`id`,`id_dono`,`tipo`,`nome`,`id_pacote`) VALUES ('18','2','','SÉRIES | NETFLIX',NULL);
INSERT INTO `categorias` (`id`,`id_dono`,`tipo`,`nome`,`id_pacote`) VALUES ('19','2','','SÉRIES | NETFLIX',NULL);
INSERT INTO `categorias` (`id`,`id_dono`,`tipo`,`nome`,`id_pacote`) VALUES ('20','2','','SÉRIES | NETFLIX',NULL);
INSERT INTO `categorias` (`id`,`id_dono`,`tipo`,`nome`,`id_pacote`) VALUES ('21','2','','SÉRIES | NETFLIX',NULL);
INSERT INTO `categorias` (`id`,`id_dono`,`tipo`,`nome`,`id_pacote`) VALUES ('22','2','','SÉRIES | NETFLIX',NULL);
INSERT INTO `categorias` (`id`,`id_dono`,`tipo`,`nome`,`id_pacote`) VALUES ('23','2','','SÉRIES | NETFLIX',NULL);
INSERT INTO `categorias` (`id`,`id_dono`,`tipo`,`nome`,`id_pacote`) VALUES ('24','2','','SÉRIES | NETFLIX',NULL);
INSERT INTO `categorias` (`id`,`id_dono`,`tipo`,`nome`,`id_pacote`) VALUES ('25','2','','SÉRIES | NETFLIX',NULL);
INSERT INTO `categorias` (`id`,`id_dono`,`tipo`,`nome`,`id_pacote`) VALUES ('26','2','','SÉRIES | NETFLIX',NULL);
INSERT INTO `categorias` (`id`,`id_dono`,`tipo`,`nome`,`id_pacote`) VALUES ('27','2','','SÉRIES | NETFLIX',NULL);
INSERT INTO `categorias` (`id`,`id_dono`,`tipo`,`nome`,`id_pacote`) VALUES ('28','2','','SÉRIES | NETFLIX',NULL);
INSERT INTO `categorias` (`id`,`id_dono`,`tipo`,`nome`,`id_pacote`) VALUES ('29','4','canal','⚽ CANAIS • SPORTV',NULL);
INSERT INTO `categorias` (`id`,`id_dono`,`tipo`,`nome`,`id_pacote`) VALUES ('30','4','filme','Filmes | Acao',NULL);
INSERT INTO `categorias` (`id`,`id_dono`,`tipo`,`nome`,`id_pacote`) VALUES ('31','4','filme','Sem Categoria',NULL);
INSERT INTO `categorias` (`id`,`id_dono`,`tipo`,`nome`,`id_pacote`) VALUES ('32','4','filme','Filmes | Suspense',NULL);
INSERT INTO `categorias` (`id`,`id_dono`,`tipo`,`nome`,`id_pacote`) VALUES ('33','4','filme','Filmes | Legendados',NULL);
INSERT INTO `categorias` (`id`,`id_dono`,`tipo`,`nome`,`id_pacote`) VALUES ('34','4','serie','SÉRIES | NETFLIX',NULL);

CREATE TABLE `categorias_apps` (
  `id` int(11) NOT NULL AUTO_INCREMENT,
  `id_secundario` int(11) NOT NULL,
  `nome` varchar(100) NOT NULL,
  `icone` varchar(255) DEFAULT NULL,
  `ordem` int(11) DEFAULT 0,
  `adulto` tinyint(1) DEFAULT 0,
  PRIMARY KEY (`id`)
) ENGINE=InnoDB AUTO_INCREMENT=5 DEFAULT CHARSET=utf8mb4 COLLATE=utf8mb4_unicode_ci;

INSERT INTO `categorias_apps` (`id`,`id_secundario`,`nome`,`icone`,`ordem`,`adulto`) VALUES ('3','4','aplicativos Publicos','','1','0');
INSERT INTO `categorias_apps` (`id`,`id_secundario`,`nome`,`icone`,`ordem`,`adulto`) VALUES ('4','4','aplicativos Adultos','','2','0');

CREATE TABLE `comprovantes` (
  `id` int(11) NOT NULL AUTO_INCREMENT,
  `id_secundario` int(11) NOT NULL,
  `id_revenda` int(11) NOT NULL,
  `id_revenda_master` int(11) NOT NULL,
  `id_plano` int(11) NOT NULL,
  `telegram_fileid` varchar(255) NOT NULL,
  `enviado_em` datetime NOT NULL DEFAULT current_timestamp(),
  `status` enum('pendente','aprovado','rejeitado') NOT NULL DEFAULT 'pendente',
  `id_destino` int(11) NOT NULL DEFAULT 0,
  PRIMARY KEY (`id`)
) ENGINE=InnoDB AUTO_INCREMENT=32 DEFAULT CHARSET=utf8mb4 COLLATE=utf8mb4_unicode_ci;

INSERT INTO `comprovantes` (`id`,`id_secundario`,`id_revenda`,`id_revenda_master`,`id_plano`,`telegram_fileid`,`enviado_em`,`status`,`id_destino`) VALUES ('24','4','0','0','2','BQACAgEAAxkDAAM-aIqKVE48gQiEaKG3Z_MRsVdB9fQAAhkGAAKHYFlEtU42MKcHGh42BA','2025-07-30 21:10:44','aprovado','5');
INSERT INTO `comprovantes` (`id`,`id_secundario`,`id_revenda`,`id_revenda_master`,`id_plano`,`telegram_fileid`,`enviado_em`,`status`,`id_destino`) VALUES ('25','4','0','0','2','BQACAgEAAxkDAAM_aIrC8zR4OAf8IBub_bQPbycZSEwAAjUGAAKHYFlEasBg3mx4qj82BA','2025-07-31 01:12:19','aprovado','5');
INSERT INTO `comprovantes` (`id`,`id_secundario`,`id_revenda`,`id_revenda_master`,`id_plano`,`telegram_fileid`,`enviado_em`,`status`,`id_destino`) VALUES ('26','4','0','0','2','BQACAgEAAxkDAANAaIrDAzR73hY8PK8uJzthrgX801kAAjYGAAKHYFlEReSSUz3pZZ82BA','2025-07-31 01:12:35','aprovado','5');
INSERT INTO `comprovantes` (`id`,`id_secundario`,`id_revenda`,`id_revenda_master`,`id_plano`,`telegram_fileid`,`enviado_em`,`status`,`id_destino`) VALUES ('27','4','0','0','2','BQACAgEAAxkDAANBaIrFUW27QEBl-GKRBG8fm7SDetoAAjcGAAKHYFlETyK1BXbFqk82BA','2025-07-31 01:22:25','aprovado','5');
INSERT INTO `comprovantes` (`id`,`id_secundario`,`id_revenda`,`id_revenda_master`,`id_plano`,`telegram_fileid`,`enviado_em`,`status`,`id_destino`) VALUES ('28','4','0','0','2','BQACAgEAAxkDAANCaIrKBVn9EgPyoAysX2qQhymHUSwAAjgGAAKHYFlE6uoSMK7_JYc2BA','2025-07-31 01:42:30','aprovado','5');
INSERT INTO `comprovantes` (`id`,`id_secundario`,`id_revenda`,`id_revenda_master`,`id_plano`,`telegram_fileid`,`enviado_em`,`status`,`id_destino`) VALUES ('29','5','0','0','3','BQACAgEAAxkDAANDaIulXJIvOR22MrRX-xzbHCbWcFEAAkQFAAIuPmBEqIUtt9pIt3k2BA','2025-07-31 17:18:20','aprovado','6');
INSERT INTO `comprovantes` (`id`,`id_secundario`,`id_revenda`,`id_revenda_master`,`id_plano`,`telegram_fileid`,`enviado_em`,`status`,`id_destino`) VALUES ('30','4','0','0','2','BQACAgEAAxkDAANEaIultOHUvEACuBVkInNRIRWDooQAAkUFAAIuPmBENgJj42wAAVwFNgQ','2025-07-31 17:19:48','pendente','5');
INSERT INTO `comprovantes` (`id`,`id_secundario`,`id_revenda`,`id_revenda_master`,`id_plano`,`telegram_fileid`,`enviado_em`,`status`,`id_destino`) VALUES ('31','5','0','0','3','BQACAgEAAxkDAANFaIuo3u1uVNNkUKcwahQXJFenj3UAAkcFAAIuPmBEJqpFOcdfBfU2BA','2025-07-31 17:33:18','pendente','6');

CREATE TABLE `creditos_historico` (
  `id` int(11) NOT NULL AUTO_INCREMENT,
  `id_usuario` int(11) NOT NULL,
  `id_origem` int(11) DEFAULT NULL,
  `quantidade` int(11) NOT NULL,
  `tipo` enum('compra','transferencia','ajuste','uso','retorno') NOT NULL,
  `data` datetime DEFAULT current_timestamp(),
  `descricao` varchar(255) DEFAULT NULL,
  PRIMARY KEY (`id`)
) ENGINE=InnoDB DEFAULT CHARSET=utf8mb4 COLLATE=utf8mb4_general_ci;


CREATE TABLE `episodios` (
  `id` int(11) NOT NULL AUTO_INCREMENT,
  `serie_id` int(11) DEFAULT NULL,
  `nome` varchar(120) DEFAULT NULL,
  `logo` varchar(255) DEFAULT NULL,
  `descricao` text DEFAULT NULL,
  `temporada` varchar(12) DEFAULT NULL,
  `episodio` varchar(12) DEFAULT NULL,
  `ano` varchar(8) DEFAULT NULL,
  `url` varchar(255) DEFAULT NULL,
  `categoria_id` int(11) DEFAULT NULL,
  `status` enum('ativo','inativo') DEFAULT 'ativo',
  `id_dono` int(11) NOT NULL,
  `id_pacote` int(11) DEFAULT NULL,
  PRIMARY KEY (`id`)
) ENGINE=InnoDB AUTO_INCREMENT=43 DEFAULT CHARSET=utf8mb4 COLLATE=utf8mb4_unicode_ci;

INSERT INTO `episodios` (`id`,`serie_id`,`nome`,`logo`,`descricao`,`temporada`,`episodio`,`ano`,`url`,`categoria_id`,`status`,`id_dono`,`id_pacote`) VALUES ('1','29','Lei & Ordem: Unidade de Vítimas Especiais S04E08','https://image.tmdb.org/t/p/w600_and_h900_bestv2/sjoSXHuu7peNJlfOZIaJdImpJdl.jpg','','4','8','','http://c.techmain.top:80/series/sanguinacv/cvsanguina/6694388.mp4','15','ativo','2',NULL);
INSERT INTO `episodios` (`id`,`serie_id`,`nome`,`logo`,`descricao`,`temporada`,`episodio`,`ano`,`url`,`categoria_id`,`status`,`id_dono`,`id_pacote`) VALUES ('2','29','Lei & Ordem: Unidade de Vítimas Especiais S04E09','https://image.tmdb.org/t/p/w600_and_h900_bestv2/5zZKXgC3uxscB7GIJDfhsamkka0.jpg','','4','9','','http://c.techmain.top:80/series/sanguinacv/cvsanguina/6694389.mp4','16','ativo','2',NULL);
INSERT INTO `episodios` (`id`,`serie_id`,`nome`,`logo`,`descricao`,`temporada`,`episodio`,`ano`,`url`,`categoria_id`,`status`,`id_dono`,`id_pacote`) VALUES ('3','29','Lei & Ordem: Unidade de Vítimas Especiais S04E10','https://image.tmdb.org/t/p/w600_and_h900_bestv2/eQ7R0iUO4khGHW0Cghe8Texsz9l.jpg','','4','10','','http://c.techmain.top:80/series/sanguinacv/cvsanguina/6694390.mp4','17','ativo','2',NULL);
INSERT INTO `episodios` (`id`,`serie_id`,`nome`,`logo`,`descricao`,`temporada`,`episodio`,`ano`,`url`,`categoria_id`,`status`,`id_dono`,`id_pacote`) VALUES ('4','29','Lei & Ordem: Unidade de Vítimas Especiais S04E11','https://image.tmdb.org/t/p/w600_and_h900_bestv2/mK7rVAJO3yvNDqnsJUo96T7MQkw.jpg','','4','11','','http://c.techmain.top:80/series/sanguinacv/cvsanguina/6694391.mp4','18','ativo','2',NULL);
INSERT INTO `episodios` (`id`,`serie_id`,`nome`,`logo`,`descricao`,`temporada`,`episodio`,`ano`,`url`,`categoria_id`,`status`,`id_dono`,`id_pacote`) VALUES ('5','29','Lei & Ordem: Unidade de Vítimas Especiais S04E12','https://image.tmdb.org/t/p/w600_and_h900_bestv2/bHN2IfBfNJGQK3FyTMdRj4J8ntQ.jpg','','4','12','','http://c.techmain.top:80/series/sanguinacv/cvsanguina/6694392.mp4','19','ativo','2',NULL);
INSERT INTO `episodios` (`id`,`serie_id`,`nome`,`logo`,`descricao`,`temporada`,`episodio`,`ano`,`url`,`categoria_id`,`status`,`id_dono`,`id_pacote`) VALUES ('6','29','Lei & Ordem: Unidade de Vítimas Especiais S04E13','https://image.tmdb.org/t/p/w600_and_h900_bestv2/2mEqsYOA45cuDQx9RBXQsjTV4V9.jpg','','4','13','','http://c.techmain.top:80/series/sanguinacv/cvsanguina/6694393.mp4','20','ativo','2',NULL);
INSERT INTO `episodios` (`id`,`serie_id`,`nome`,`logo`,`descricao`,`temporada`,`episodio`,`ano`,`url`,`categoria_id`,`status`,`id_dono`,`id_pacote`) VALUES ('7','29','Lei & Ordem: Unidade de Vítimas Especiais S04E14','https://image.tmdb.org/t/p/w600_and_h900_bestv2/rVzHVt374ajiFGKbXazLa07korM.jpg','','4','14','','http://c.techmain.top:80/series/sanguinacv/cvsanguina/6694394.mp4','21','ativo','2',NULL);
INSERT INTO `episodios` (`id`,`serie_id`,`nome`,`logo`,`descricao`,`temporada`,`episodio`,`ano`,`url`,`categoria_id`,`status`,`id_dono`,`id_pacote`) VALUES ('8','29','Lei & Ordem: Unidade de Vítimas Especiais S04E15','https://image.tmdb.org/t/p/w600_and_h900_bestv2/1H7UiCV5oKIMHDOuGBklgVnOfL.jpg','','4','15','','http://c.techmain.top:80/series/sanguinacv/cvsanguina/6694395.mp4','22','ativo','2',NULL);
INSERT INTO `episodios` (`id`,`serie_id`,`nome`,`logo`,`descricao`,`temporada`,`episodio`,`ano`,`url`,`categoria_id`,`status`,`id_dono`,`id_pacote`) VALUES ('9','29','Lei & Ordem: Unidade de Vítimas Especiais S04E16','https://image.tmdb.org/t/p/w600_and_h900_bestv2/A1rLQohAnfL75thmX4N5Hjf3lm9.jpg','','4','16','','http://c.techmain.top:80/series/sanguinacv/cvsanguina/6694396.mp4','23','ativo','2',NULL);
INSERT INTO `episodios` (`id`,`serie_id`,`nome`,`logo`,`descricao`,`temporada`,`episodio`,`ano`,`url`,`categoria_id`,`status`,`id_dono`,`id_pacote`) VALUES ('10','29','Lei & Ordem: Unidade de Vítimas Especiais S04E17','https://image.tmdb.org/t/p/w600_and_h900_bestv2/2c88CYNNSZVGHKEeB4ojakGP7YN.jpg','','4','17','','http://c.techmain.top:80/series/sanguinacv/cvsanguina/6694397.mp4','24','ativo','2',NULL);
INSERT INTO `episodios` (`id`,`serie_id`,`nome`,`logo`,`descricao`,`temporada`,`episodio`,`ano`,`url`,`categoria_id`,`status`,`id_dono`,`id_pacote`) VALUES ('11','29','Lei & Ordem: Unidade de Vítimas Especiais S04E18','https://image.tmdb.org/t/p/w600_and_h900_bestv2/qRuKcqBhGcZmdwoRsumLkoT8zyv.jpg','','4','18','','http://c.techmain.top:80/series/sanguinacv/cvsanguina/6694398.mp4','25','ativo','2',NULL);
INSERT INTO `episodios` (`id`,`serie_id`,`nome`,`logo`,`descricao`,`temporada`,`episodio`,`ano`,`url`,`categoria_id`,`status`,`id_dono`,`id_pacote`) VALUES ('12','29','Lei & Ordem: Unidade de Vítimas Especiais S04E19','https://image.tmdb.org/t/p/w600_and_h900_bestv2/x0QhHAZNb4EZtgTtyKd6x1Y00VU.jpg','','4','19','','http://c.techmain.top:80/series/sanguinacv/cvsanguina/6694399.mp4','26','ativo','2',NULL);
INSERT INTO `episodios` (`id`,`serie_id`,`nome`,`logo`,`descricao`,`temporada`,`episodio`,`ano`,`url`,`categoria_id`,`status`,`id_dono`,`id_pacote`) VALUES ('13','29','Lei & Ordem: Unidade de Vítimas Especiais S04E20','https://image.tmdb.org/t/p/w600_and_h900_bestv2/7AB7Vwum95G8sSHkqIU393IvKSk.jpg','','4','20','','http://c.techmain.top:80/series/sanguinacv/cvsanguina/6694400.mp4','27','ativo','2',NULL);
INSERT INTO `episodios` (`id`,`serie_id`,`nome`,`logo`,`descricao`,`temporada`,`episodio`,`ano`,`url`,`categoria_id`,`status`,`id_dono`,`id_pacote`) VALUES ('14','29','Lei & Ordem: Unidade de Vítimas Especiais S04E21','https://image.tmdb.org/t/p/w600_and_h900_bestv2/hfiea7TcNKuR4yYw1pZVQVzIr17.jpg','','4','21','','http://c.techmain.top:80/series/sanguinacv/cvsanguina/6694401.mp4','28','ativo','2',NULL);
INSERT INTO `episodios` (`id`,`serie_id`,`nome`,`logo`,`descricao`,`temporada`,`episodio`,`ano`,`url`,`categoria_id`,`status`,`id_dono`,`id_pacote`) VALUES ('15','43','Lei & Ordem: Unidade de Vítimas Especiais S04E08','https://image.tmdb.org/t/p/w600_and_h900_bestv2/sjoSXHuu7peNJlfOZIaJdImpJdl.jpg','','04','08','','http://c.techmain.top:80/series/sanguinacv/cvsanguina/6694388.mp4','14','ativo','2',NULL);
INSERT INTO `episodios` (`id`,`serie_id`,`nome`,`logo`,`descricao`,`temporada`,`episodio`,`ano`,`url`,`categoria_id`,`status`,`id_dono`,`id_pacote`) VALUES ('16','43','Lei & Ordem: Unidade de Vítimas Especiais S04E09','https://image.tmdb.org/t/p/w600_and_h900_bestv2/5zZKXgC3uxscB7GIJDfhsamkka0.jpg','','04','09','','http://c.techmain.top:80/series/sanguinacv/cvsanguina/6694389.mp4','14','ativo','2',NULL);
INSERT INTO `episodios` (`id`,`serie_id`,`nome`,`logo`,`descricao`,`temporada`,`episodio`,`ano`,`url`,`categoria_id`,`status`,`id_dono`,`id_pacote`) VALUES ('17','43','Lei & Ordem: Unidade de Vítimas Especiais S04E10','https://image.tmdb.org/t/p/w600_and_h900_bestv2/eQ7R0iUO4khGHW0Cghe8Texsz9l.jpg','','04','10','','http://c.techmain.top:80/series/sanguinacv/cvsanguina/6694390.mp4','14','ativo','2',NULL);
INSERT INTO `episodios` (`id`,`serie_id`,`nome`,`logo`,`descricao`,`temporada`,`episodio`,`ano`,`url`,`categoria_id`,`status`,`id_dono`,`id_pacote`) VALUES ('18','43','Lei & Ordem: Unidade de Vítimas Especiais S04E11','https://image.tmdb.org/t/p/w600_and_h900_bestv2/mK7rVAJO3yvNDqnsJUo96T7MQkw.jpg','','04','11','','http://c.techmain.top:80/series/sanguinacv/cvsanguina/6694391.mp4','14','ativo','2',NULL);
INSERT INTO `episodios` (`id`,`serie_id`,`nome`,`logo`,`descricao`,`temporada`,`episodio`,`ano`,`url`,`categoria_id`,`status`,`id_dono`,`id_pacote`) VALUES ('19','43','Lei & Ordem: Unidade de Vítimas Especiais S04E12','https://image.tmdb.org/t/p/w600_and_h900_bestv2/bHN2IfBfNJGQK3FyTMdRj4J8ntQ.jpg','','04','12','','http://c.techmain.top:80/series/sanguinacv/cvsanguina/6694392.mp4','14','ativo','2',NULL);
INSERT INTO `episodios` (`id`,`serie_id`,`nome`,`logo`,`descricao`,`temporada`,`episodio`,`ano`,`url`,`categoria_id`,`status`,`id_dono`,`id_pacote`) VALUES ('20','43','Lei & Ordem: Unidade de Vítimas Especiais S04E13','https://image.tmdb.org/t/p/w600_and_h900_bestv2/2mEqsYOA45cuDQx9RBXQsjTV4V9.jpg','','04','13','','http://c.techmain.top:80/series/sanguinacv/cvsanguina/6694393.mp4','14','ativo','2',NULL);
INSERT INTO `episodios` (`id`,`serie_id`,`nome`,`logo`,`descricao`,`temporada`,`episodio`,`ano`,`url`,`categoria_id`,`status`,`id_dono`,`id_pacote`) VALUES ('21','43','Lei & Ordem: Unidade de Vítimas Especiais S04E14','https://image.tmdb.org/t/p/w600_and_h900_bestv2/rVzHVt374ajiFGKbXazLa07korM.jpg','','04','14','','http://c.techmain.top:80/series/sanguinacv/cvsanguina/6694394.mp4','14','ativo','2',NULL);
INSERT INTO `episodios` (`id`,`serie_id`,`nome`,`logo`,`descricao`,`temporada`,`episodio`,`ano`,`url`,`categoria_id`,`status`,`id_dono`,`id_pacote`) VALUES ('22','43','Lei & Ordem: Unidade de Vítimas Especiais S04E15','https://image.tmdb.org/t/p/w600_and_h900_bestv2/1H7UiCV5oKIMHDOuGBklgVnOfL.jpg','','04','15','','http://c.techmain.top:80/series/sanguinacv/cvsanguina/6694395.mp4','14','ativo','2',NULL);
INSERT INTO `episodios` (`id`,`serie_id`,`nome`,`logo`,`descricao`,`temporada`,`episodio`,`ano`,`url`,`categoria_id`,`status`,`id_dono`,`id_pacote`) VALUES ('23','43','Lei & Ordem: Unidade de Vítimas Especiais S04E16','https://image.tmdb.org/t/p/w600_and_h900_bestv2/A1rLQohAnfL75thmX4N5Hjf3lm9.jpg','','04','16','','http://c.techmain.top:80/series/sanguinacv/cvsanguina/6694396.mp4','14','ativo','2',NULL);
INSERT INTO `episodios` (`id`,`serie_id`,`nome`,`logo`,`descricao`,`temporada`,`episodio`,`ano`,`url`,`categoria_id`,`status`,`id_dono`,`id_pacote`) VALUES ('24','43','Lei & Ordem: Unidade de Vítimas Especiais S04E17','https://image.tmdb.org/t/p/w600_and_h900_bestv2/2c88CYNNSZVGHKEeB4ojakGP7YN.jpg','','04','17','','http://c.techmain.top:80/series/sanguinacv/cvsanguina/6694397.mp4','14','ativo','2',NULL);
INSERT INTO `episodios` (`id`,`serie_id`,`nome`,`logo`,`descricao`,`temporada`,`episodio`,`ano`,`url`,`categoria_id`,`status`,`id_dono`,`id_pacote`) VALUES ('25','43','Lei & Ordem: Unidade de Vítimas Especiais S04E18','https://image.tmdb.org/t/p/w600_and_h900_bestv2/qRuKcqBhGcZmdwoRsumLkoT8zyv.jpg','','04','18','','http://c.techmain.top:80/series/sanguinacv/cvsanguina/6694398.mp4','14','ativo','2',NULL);
INSERT INTO `episodios` (`id`,`serie_id`,`nome`,`logo`,`descricao`,`temporada`,`episodio`,`ano`,`url`,`categoria_id`,`status`,`id_dono`,`id_pacote`) VALUES ('26','43','Lei & Ordem: Unidade de Vítimas Especiais S04E19','https://image.tmdb.org/t/p/w600_and_h900_bestv2/x0QhHAZNb4EZtgTtyKd6x1Y00VU.jpg','','04','19','','http://c.techmain.top:80/series/sanguinacv/cvsanguina/6694399.mp4','14','ativo','2',NULL);
INSERT INTO `episodios` (`id`,`serie_id`,`nome`,`logo`,`descricao`,`temporada`,`episodio`,`ano`,`url`,`categoria_id`,`status`,`id_dono`,`id_pacote`) VALUES ('27','43','Lei & Ordem: Unidade de Vítimas Especiais S04E20','https://image.tmdb.org/t/p/w600_and_h900_bestv2/7AB7Vwum95G8sSHkqIU393IvKSk.jpg','','04','20','','http://c.techmain.top:80/series/sanguinacv/cvsanguina/6694400.mp4','14','ativo','2',NULL);
INSERT INTO `episodios` (`id`,`serie_id`,`nome`,`logo`,`descricao`,`temporada`,`episodio`,`ano`,`url`,`categoria_id`,`status`,`id_dono`,`id_pacote`) VALUES ('28','43','Lei & Ordem: Unidade de Vítimas Especiais S04E21','https://image.tmdb.org/t/p/w600_and_h900_bestv2/hfiea7TcNKuR4yYw1pZVQVzIr17.jpg','','04','21','','http://c.techmain.top:80/series/sanguinacv/cvsanguina/6694401.mp4','14','ativo','2',NULL);
INSERT INTO `episodios` (`id`,`serie_id`,`nome`,`logo`,`descricao`,`temporada`,`episodio`,`ano`,`url`,`categoria_id`,`status`,`id_dono`,`id_pacote`) VALUES ('29','44','Lei & Ordem: Unidade de Vítimas Especiais S04E08','https://image.tmdb.org/t/p/w600_and_h900_bestv2/sjoSXHuu7peNJlfOZIaJdImpJdl.jpg','','04','08','','http://c.techmain.top:80/series/sanguinacv/cvsanguina/6694388.mp4','34','ativo','4',NULL);
INSERT INTO `episodios` (`id`,`serie_id`,`nome`,`logo`,`descricao`,`temporada`,`episodio`,`ano`,`url`,`categoria_id`,`status`,`id_dono`,`id_pacote`) VALUES ('30','44','Lei & Ordem: Unidade de Vítimas Especiais S04E09','https://image.tmdb.org/t/p/w600_and_h900_bestv2/5zZKXgC3uxscB7GIJDfhsamkka0.jpg','','04','09','','http://c.techmain.top:80/series/sanguinacv/cvsanguina/6694389.mp4','34','ativo','4',NULL);
INSERT INTO `episodios` (`id`,`serie_id`,`nome`,`logo`,`descricao`,`temporada`,`episodio`,`ano`,`url`,`categoria_id`,`status`,`id_dono`,`id_pacote`) VALUES ('31','44','Lei & Ordem: Unidade de Vítimas Especiais S04E10','https://image.tmdb.org/t/p/w600_and_h900_bestv2/eQ7R0iUO4khGHW0Cghe8Texsz9l.jpg','','04','10','','http://c.techmain.top:80/series/sanguinacv/cvsanguina/6694390.mp4','34','ativo','4',NULL);
INSERT INTO `episodios` (`id`,`serie_id`,`nome`,`logo`,`descricao`,`temporada`,`episodio`,`ano`,`url`,`categoria_id`,`status`,`id_dono`,`id_pacote`) VALUES ('32','44','Lei & Ordem: Unidade de Vítimas Especiais S04E11','https://image.tmdb.org/t/p/w600_and_h900_bestv2/mK7rVAJO3yvNDqnsJUo96T7MQkw.jpg','','04','11','','http://c.techmain.top:80/series/sanguinacv/cvsanguina/6694391.mp4','34','ativo','4',NULL);
INSERT INTO `episodios` (`id`,`serie_id`,`nome`,`logo`,`descricao`,`temporada`,`episodio`,`ano`,`url`,`categoria_id`,`status`,`id_dono`,`id_pacote`) VALUES ('33','44','Lei & Ordem: Unidade de Vítimas Especiais S04E12','https://image.tmdb.org/t/p/w600_and_h900_bestv2/bHN2IfBfNJGQK3FyTMdRj4J8ntQ.jpg','','04','12','','http://c.techmain.top:80/series/sanguinacv/cvsanguina/6694392.mp4','34','ativo','4',NULL);
INSERT INTO `episodios` (`id`,`serie_id`,`nome`,`logo`,`descricao`,`temporada`,`episodio`,`ano`,`url`,`categoria_id`,`status`,`id_dono`,`id_pacote`) VALUES ('34','44','Lei & Ordem: Unidade de Vítimas Especiais S04E13','https://image.tmdb.org/t/p/w600_and_h900_bestv2/2mEqsYOA45cuDQx9RBXQsjTV4V9.jpg','','04','13','','http://c.techmain.top:80/series/sanguinacv/cvsanguina/6694393.mp4','34','ativo','4',NULL);
INSERT INTO `episodios` (`id`,`serie_id`,`nome`,`logo`,`descricao`,`temporada`,`episodio`,`ano`,`url`,`categoria_id`,`status`,`id_dono`,`id_pacote`) VALUES ('35','44','Lei & Ordem: Unidade de Vítimas Especiais S04E14','https://image.tmdb.org/t/p/w600_and_h900_bestv2/rVzHVt374ajiFGKbXazLa07korM.jpg','','04','14','','http://c.techmain.top:80/series/sanguinacv/cvsanguina/6694394.mp4','34','ativo','4',NULL);
INSERT INTO `episodios` (`id`,`serie_id`,`nome`,`logo`,`descricao`,`temporada`,`episodio`,`ano`,`url`,`categoria_id`,`status`,`id_dono`,`id_pacote`) VALUES ('36','44','Lei & Ordem: Unidade de Vítimas Especiais S04E15','https://image.tmdb.org/t/p/w600_and_h900_bestv2/1H7UiCV5oKIMHDOuGBklgVnOfL.jpg','','04','15','','http://c.techmain.top:80/series/sanguinacv/cvsanguina/6694395.mp4','34','ativo','4',NULL);
INSERT INTO `episodios` (`id`,`serie_id`,`nome`,`logo`,`descricao`,`temporada`,`episodio`,`ano`,`url`,`categoria_id`,`status`,`id_dono`,`id_pacote`) VALUES ('37','44','Lei & Ordem: Unidade de Vítimas Especiais S04E16','https://image.tmdb.org/t/p/w600_and_h900_bestv2/A1rLQohAnfL75thmX4N5Hjf3lm9.jpg','','04','16','','http://c.techmain.top:80/series/sanguinacv/cvsanguina/6694396.mp4','34','ativo','4',NULL);
INSERT INTO `episodios` (`id`,`serie_id`,`nome`,`logo`,`descricao`,`temporada`,`episodio`,`ano`,`url`,`categoria_id`,`status`,`id_dono`,`id_pacote`) VALUES ('38','44','Lei & Ordem: Unidade de Vítimas Especiais S04E17','https://image.tmdb.org/t/p/w600_and_h900_bestv2/2c88CYNNSZVGHKEeB4ojakGP7YN.jpg','','04','17','','http://c.techmain.top:80/series/sanguinacv/cvsanguina/6694397.mp4','34','ativo','4',NULL);
INSERT INTO `episodios` (`id`,`serie_id`,`nome`,`logo`,`descricao`,`temporada`,`episodio`,`ano`,`url`,`categoria_id`,`status`,`id_dono`,`id_pacote`) VALUES ('39','44','Lei & Ordem: Unidade de Vítimas Especiais S04E18','https://image.tmdb.org/t/p/w600_and_h900_bestv2/qRuKcqBhGcZmdwoRsumLkoT8zyv.jpg','','04','18','','http://c.techmain.top:80/series/sanguinacv/cvsanguina/6694398.mp4','34','ativo','4',NULL);
INSERT INTO `episodios` (`id`,`serie_id`,`nome`,`logo`,`descricao`,`temporada`,`episodio`,`ano`,`url`,`categoria_id`,`status`,`id_dono`,`id_pacote`) VALUES ('40','44','Lei & Ordem: Unidade de Vítimas Especiais S04E19','https://image.tmdb.org/t/p/w600_and_h900_bestv2/x0QhHAZNb4EZtgTtyKd6x1Y00VU.jpg','','04','19','','http://c.techmain.top:80/series/sanguinacv/cvsanguina/6694399.mp4','34','ativo','4',NULL);
INSERT INTO `episodios` (`id`,`serie_id`,`nome`,`logo`,`descricao`,`temporada`,`episodio`,`ano`,`url`,`categoria_id`,`status`,`id_dono`,`id_pacote`) VALUES ('41','44','Lei & Ordem: Unidade de Vítimas Especiais S04E20','https://image.tmdb.org/t/p/w600_and_h900_bestv2/7AB7Vwum95G8sSHkqIU393IvKSk.jpg','','04','20','','http://c.techmain.top:80/series/sanguinacv/cvsanguina/6694400.mp4','34','ativo','4',NULL);

CREATE TABLE `filmes` (
  `id` int(11) NOT NULL AUTO_INCREMENT,
  `id_dono` int(11) NOT NULL,
  `nome` varchar(150) NOT NULL,
  `categoria_id` int(11) DEFAULT NULL,
  `logo` varchar(255) DEFAULT NULL,
  `descricao` text DEFAULT NULL,
  `atores` varchar(255) DEFAULT NULL,
  `diretor` varchar(100) DEFAULT NULL,
  `ano` varchar(10) DEFAULT NULL,
  `url_video` text DEFAULT NULL,
  `poster` varchar(255) DEFAULT NULL,
  `backdrop` varchar(255) DEFAULT NULL,
  `status` enum('ativo','inativo','bloqueado') DEFAULT 'ativo',
  `data_criacao` datetime DEFAULT current_timestamp(),
  `id_pacote` int(11) DEFAULT NULL,
  `duracao` varchar(50) DEFAULT NULL,
  `data_lancamento` varchar(50) DEFAULT NULL,
  `url` varchar(50) DEFAULT NULL,
  PRIMARY KEY (`id`),
  KEY `categoria_id` (`categoria_id`),
  CONSTRAINT `filmes_ibfk_1` FOREIGN KEY (`categoria_id`) REFERENCES `categorias` (`id`)
) ENGINE=InnoDB AUTO_INCREMENT=49 DEFAULT CHARSET=utf8mb4 COLLATE=utf8mb4_general_ci;

INSERT INTO `filmes` (`id`,`id_dono`,`nome`,`categoria_id`,`logo`,`descricao`,`atores`,`diretor`,`ano`,`url_video`,`poster`,`backdrop`,`status`,`data_criacao`,`id_pacote`,`duracao`,`data_lancamento`,`url`) VALUES ('17','2','Bronx','10','https://image.tmdb.org/t/p/w400/hSpm2mMbkd0hLTRWBz0zolnLAyK.jpg','Em meio a gangues e corrupções no submundo de Marselha, um policial decide fazer justiça com as próprias mãos para proteger sua equipe.',NULL,NULL,'2020-10-30',NULL,'https://image.tmdb.org/t/p/w400/9HT9982bzgN5on1sLRmc1GMn6ZC.jpg','https://image.tmdb.org/t/p/w780/jDS3EO7SQnh9F6v6cKyXjvbmtQl.jpg','ativo','2025-07-22 15:18:06',NULL,NULL,NULL,'http://c.techmain.top:80/movie/sanguinacv/cvsangui');
INSERT INTO `filmes` (`id`,`id_dono`,`nome`,`categoria_id`,`logo`,`descricao`,`atores`,`diretor`,`ano`,`url_video`,`poster`,`backdrop`,`status`,`data_criacao`,`id_pacote`,`duracao`,`data_lancamento`,`url`) VALUES ('18','2','Calculo Mortal','10','https://image.tmdb.org/t/p/w400/pGNzvmkpRtRJe1NwPYtA3vz7MKl.jpg','Justin Pendleton (Michael Pitt) e Richard Haywood (Ryan Gosling) são dois estudantes brilhantes que decidem praticar um crime perfeito. Após cometerem seu primeiro assassinato a detetive Cassie Mayweather (Sandra Bullock) e seu parceiro Sam Kennedy (Ben Chaplin) são encarregados de solucionar o caso. Durantes as investigações para descobrir o autor dos crimes, a dupla descobre detalhes sobre o passado dos estudantes que podem explicar o porquê deles terem cometido tais assassinatos.',NULL,NULL,'2002-04-19',NULL,'https://image.tmdb.org/t/p/w400/pGNzvmkpRtRJe1NwPYtA3vz7MKl.jpg','https://image.tmdb.org/t/p/w780/5fsyOL5sNA4jpqgl9WsxHgbgTja.jpg','ativo','2025-07-22 15:18:06',NULL,NULL,NULL,'http://c.techmain.top:80/movie/sanguinacv/cvsangui');
INSERT INTO `filmes` (`id`,`id_dono`,`nome`,`categoria_id`,`logo`,`descricao`,`atores`,`diretor`,`ano`,`url_video`,`poster`,`backdrop`,`status`,`data_criacao`,`id_pacote`,`duracao`,`data_lancamento`,`url`) VALUES ('19','2',' Você E A Garota Que Vai Morrer\" tvg-logo=\"https://image.tmdb.org/t/p/w400/oZ0Te6p0fEdg80sGHZk1HR5FyLQ.jpg\" group-title=\"Filmes | Acao\",Eu, Você E A G','11','','',NULL,NULL,'',NULL,'','','ativo','2025-07-22 15:18:06',NULL,NULL,NULL,'http://c.techmain.top:80/movie/sanguinacv/cvsangui');
INSERT INTO `filmes` (`id`,`id_dono`,`nome`,`categoria_id`,`logo`,`descricao`,`atores`,`diretor`,`ano`,`url_video`,`poster`,`backdrop`,`status`,`data_criacao`,`id_pacote`,`duracao`,`data_lancamento`,`url`) VALUES ('20','2','Dança Comigo?','12','https://image.tmdb.org/t/p/w400/nBjSWrqs84g8fSbuCoU3WC0t8VX.jpg','Há vários anos o advogado John Clark, especialista em testamentos, leva uma vida rotineira do trabalho para casa e de casa para o trabalho. Apesar de amar sua mulher, Beverly, e seus filhos, John sente que algo está faltando algo em sua vida. Por acaso vê na janela de uma academia Paulina, uma bela professora de dança. Esperando se aproximar dela, John se matricula na academia. Paulina rapidamente elimina qualquer possibilidade de envolvimento com John, mas isto não o faz deixar de ir às aulas, pois ele acha cada vez mais relaxante e divertido dançar.',NULL,NULL,'2004-10-15',NULL,'https://image.tmdb.org/t/p/w400/nBjSWrqs84g8fSbuCoU3WC0t8VX.jpg','https://image.tmdb.org/t/p/w780/dbk1GH7eRmUrs8y9WFQP1corti2.jpg','ativo','2025-07-22 15:18:07',NULL,NULL,NULL,'http://c.techmain.top:80/movie/sanguinacv/cvsangui');
INSERT INTO `filmes` (`id`,`id_dono`,`nome`,`categoria_id`,`logo`,`descricao`,`atores`,`diretor`,`ano`,`url_video`,`poster`,`backdrop`,`status`,`data_criacao`,`id_pacote`,`duracao`,`data_lancamento`,`url`) VALUES ('21','2','Deltopia','12','https://image.tmdb.org/t/p/w400/cL36UT4NzgkK8oA9DJR7Qu5KlLX.jpg','Deltopia é uma história de amadurecimento que se passa durante um período de 24 horas. Um grupo de amigos do sul da Califórnia termina o último dia do ensino médio e viaja para Santa Bárbara para a maior festa de suas vidas.',NULL,NULL,'2023-08-29',NULL,'https://image.tmdb.org/t/p/w400/cL36UT4NzgkK8oA9DJR7Qu5KlLX.jpg','https://image.tmdb.org/t/p/w780/9JWsxW98qsecr6nHS6W3rjnoYy8.jpg','ativo','2025-07-22 15:18:07',NULL,NULL,NULL,'http://c.techmain.top:80/movie/sanguinacv/cvsangui');
INSERT INTO `filmes` (`id`,`id_dono`,`nome`,`categoria_id`,`logo`,`descricao`,`atores`,`diretor`,`ano`,`url_video`,`poster`,`backdrop`,`status`,`data_criacao`,`id_pacote`,`duracao`,`data_lancamento`,`url`) VALUES ('22','2','Golda','12','https://image.tmdb.org/t/p/w400/sDVD8YkzeRUfvslY7jMwodjDdnD.jpg','Ambientado na Guerra do Yom Kippur, em 1973, o drama mostra como a primeira-ministra Golda Meir conhecida como a “Dama de Ferro” de Israel enfrenta uma possível destruição do Estado, tomando decisões de alto risco, enquanto luta contra o câncer.',NULL,NULL,'2023-08-23',NULL,'https://image.tmdb.org/t/p/w400/sDVD8YkzeRUfvslY7jMwodjDdnD.jpg','https://image.tmdb.org/t/p/w780/ixyUvoBMD4Qz9KYlXSGmXpn3GiK.jpg','ativo','2025-07-22 15:18:08',NULL,NULL,NULL,'http://c.techmain.top:80/movie/sanguinacv/cvsangui');
INSERT INTO `filmes` (`id`,`id_dono`,`nome`,`categoria_id`,`logo`,`descricao`,`atores`,`diretor`,`ano`,`url_video`,`poster`,`backdrop`,`status`,`data_criacao`,`id_pacote`,`duracao`,`data_lancamento`,`url`) VALUES ('23','2','Night Of The Hunted [L]','13','https://image.tmdb.org/t/p/w400/fTKCscHMlBPotPQiT6Vf8OEtv80.jpg','',NULL,NULL,'',NULL,'','','ativo','2025-07-22 15:18:08',NULL,NULL,NULL,'http://c.techmain.top:80/movie/sanguinacv/cvsangui');
INSERT INTO `filmes` (`id`,`id_dono`,`nome`,`categoria_id`,`logo`,`descricao`,`atores`,`diretor`,`ano`,`url_video`,`poster`,`backdrop`,`status`,`data_criacao`,`id_pacote`,`duracao`,`data_lancamento`,`url`) VALUES ('24','2','Manobras Radicais','12','https://image.tmdb.org/t/p/w400/3ijvfbWQYLaFQ2PaX6hywnMW3Hv.jpg','A borracha encontra a estrada e o quadro negro encontra o guard-rail em Manobras Radicais, uma comédia altamente eletrizante que conta as aventuras de quatro amigos de Chicago, que trocam suas vidas corriqueiras por uma viagem através do país. Todo esse esforço para poderem fazer parte do mundo radical do skate profissional. Os novatos Mike Vogel, Vince Vieluf, Adam Brody e Joey Kern interpretam esses aventureiros, que têm suas próprias idéias sobre como encarar a vida em cima de uma prancha e quatro rodas. E Jennifer Morrison uma fera do skate que percebe que aqueles rapazes têm potencial para o esporte. Com participações especiais de três Campeões do X-GamesVert e de grandes nomes da comédia, como Randy Quaid, Bobcat Goldthwait e outros, Manobras Radicais é a parada mais descolada do momento!',NULL,NULL,'2003-08-15',NULL,'https://image.tmdb.org/t/p/w400/3ijvfbWQYLaFQ2PaX6hywnMW3Hv.jpg','https://image.tmdb.org/t/p/w780/bcChY1gxAIxV4CtZovHxbqgN0tG.jpg','ativo','2025-07-22 15:18:09',NULL,NULL,NULL,'http://c.techmain.top:80/movie/sanguinacv/cvsangui');
INSERT INTO `filmes` (`id`,`id_dono`,`nome`,`categoria_id`,`logo`,`descricao`,`atores`,`diretor`,`ano`,`url_video`,`poster`,`backdrop`,`status`,`data_criacao`,`id_pacote`,`duracao`,`data_lancamento`,`url`) VALUES ('25','2','Bronx','10','https://image.tmdb.org/t/p/w400/hSpm2mMbkd0hLTRWBz0zolnLAyK.jpg','Em meio a gangues e corrupções no submundo de Marselha, um policial decide fazer justiça com as próprias mãos para proteger sua equipe.',NULL,NULL,'2020-10-30',NULL,'https://image.tmdb.org/t/p/w400/9HT9982bzgN5on1sLRmc1GMn6ZC.jpg','https://image.tmdb.org/t/p/w780/jDS3EO7SQnh9F6v6cKyXjvbmtQl.jpg','ativo','2025-07-22 15:18:39',NULL,NULL,NULL,'http://c.techmain.top:80/movie/sanguinacv/cvsangui');
INSERT INTO `filmes` (`id`,`id_dono`,`nome`,`categoria_id`,`logo`,`descricao`,`atores`,`diretor`,`ano`,`url_video`,`poster`,`backdrop`,`status`,`data_criacao`,`id_pacote`,`duracao`,`data_lancamento`,`url`) VALUES ('26','2','Calculo Mortal','10','https://image.tmdb.org/t/p/w400/pGNzvmkpRtRJe1NwPYtA3vz7MKl.jpg','Justin Pendleton (Michael Pitt) e Richard Haywood (Ryan Gosling) são dois estudantes brilhantes que decidem praticar um crime perfeito. Após cometerem seu primeiro assassinato a detetive Cassie Mayweather (Sandra Bullock) e seu parceiro Sam Kennedy (Ben Chaplin) são encarregados de solucionar o caso. Durantes as investigações para descobrir o autor dos crimes, a dupla descobre detalhes sobre o passado dos estudantes que podem explicar o porquê deles terem cometido tais assassinatos.',NULL,NULL,'2002-04-19',NULL,'https://image.tmdb.org/t/p/w400/pGNzvmkpRtRJe1NwPYtA3vz7MKl.jpg','https://image.tmdb.org/t/p/w780/5fsyOL5sNA4jpqgl9WsxHgbgTja.jpg','ativo','2025-07-22 15:18:39',NULL,NULL,NULL,'http://c.techmain.top:80/movie/sanguinacv/cvsangui');
INSERT INTO `filmes` (`id`,`id_dono`,`nome`,`categoria_id`,`logo`,`descricao`,`atores`,`diretor`,`ano`,`url_video`,`poster`,`backdrop`,`status`,`data_criacao`,`id_pacote`,`duracao`,`data_lancamento`,`url`) VALUES ('27','2',' Você E A Garota Que Vai Morrer\" tvg-logo=\"https://image.tmdb.org/t/p/w400/oZ0Te6p0fEdg80sGHZk1HR5FyLQ.jpg\" group-title=\"Filmes | Acao\",Eu, Você E A G','11','','',NULL,NULL,'',NULL,'','','ativo','2025-07-22 15:18:39',NULL,NULL,NULL,'http://c.techmain.top:80/movie/sanguinacv/cvsangui');
INSERT INTO `filmes` (`id`,`id_dono`,`nome`,`categoria_id`,`logo`,`descricao`,`atores`,`diretor`,`ano`,`url_video`,`poster`,`backdrop`,`status`,`data_criacao`,`id_pacote`,`duracao`,`data_lancamento`,`url`) VALUES ('28','2','Dança Comigo?','12','https://image.tmdb.org/t/p/w400/nBjSWrqs84g8fSbuCoU3WC0t8VX.jpg','Há vários anos o advogado John Clark, especialista em testamentos, leva uma vida rotineira do trabalho para casa e de casa para o trabalho. Apesar de amar sua mulher, Beverly, e seus filhos, John sente que algo está faltando algo em sua vida. Por acaso vê na janela de uma academia Paulina, uma bela professora de dança. Esperando se aproximar dela, John se matricula na academia. Paulina rapidamente elimina qualquer possibilidade de envolvimento com John, mas isto não o faz deixar de ir às aulas, pois ele acha cada vez mais relaxante e divertido dançar.',NULL,NULL,'2004-10-15',NULL,'https://image.tmdb.org/t/p/w400/nBjSWrqs84g8fSbuCoU3WC0t8VX.jpg','https://image.tmdb.org/t/p/w780/dbk1GH7eRmUrs8y9WFQP1corti2.jpg','ativo','2025-07-22 15:18:40',NULL,NULL,NULL,'http://c.techmain.top:80/movie/sanguinacv/cvsangui');
INSERT INTO `filmes` (`id`,`id_dono`,`nome`,`categoria_id`,`logo`,`descricao`,`atores`,`diretor`,`ano`,`url_video`,`poster`,`backdrop`,`status`,`data_criacao`,`id_pacote`,`duracao`,`data_lancamento`,`url`) VALUES ('29','2','Deltopia','12','https://image.tmdb.org/t/p/w400/cL36UT4NzgkK8oA9DJR7Qu5KlLX.jpg','Deltopia é uma história de amadurecimento que se passa durante um período de 24 horas. Um grupo de amigos do sul da Califórnia termina o último dia do ensino médio e viaja para Santa Bárbara para a maior festa de suas vidas.',NULL,NULL,'2023-08-29',NULL,'https://image.tmdb.org/t/p/w400/cL36UT4NzgkK8oA9DJR7Qu5KlLX.jpg','https://image.tmdb.org/t/p/w780/9JWsxW98qsecr6nHS6W3rjnoYy8.jpg','ativo','2025-07-22 15:18:40',NULL,NULL,NULL,'http://c.techmain.top:80/movie/sanguinacv/cvsangui');
INSERT INTO `filmes` (`id`,`id_dono`,`nome`,`categoria_id`,`logo`,`descricao`,`atores`,`diretor`,`ano`,`url_video`,`poster`,`backdrop`,`status`,`data_criacao`,`id_pacote`,`duracao`,`data_lancamento`,`url`) VALUES ('30','2','Golda','12','https://image.tmdb.org/t/p/w400/sDVD8YkzeRUfvslY7jMwodjDdnD.jpg','Ambientado na Guerra do Yom Kippur, em 1973, o drama mostra como a primeira-ministra Golda Meir conhecida como a “Dama de Ferro” de Israel enfrenta uma possível destruição do Estado, tomando decisões de alto risco, enquanto luta contra o câncer.',NULL,NULL,'2023-08-23',NULL,'https://image.tmdb.org/t/p/w400/sDVD8YkzeRUfvslY7jMwodjDdnD.jpg','https://image.tmdb.org/t/p/w780/ixyUvoBMD4Qz9KYlXSGmXpn3GiK.jpg','ativo','2025-07-22 15:18:41',NULL,NULL,NULL,'http://c.techmain.top:80/movie/sanguinacv/cvsangui');
INSERT INTO `filmes` (`id`,`id_dono`,`nome`,`categoria_id`,`logo`,`descricao`,`atores`,`diretor`,`ano`,`url_video`,`poster`,`backdrop`,`status`,`data_criacao`,`id_pacote`,`duracao`,`data_lancamento`,`url`) VALUES ('31','2','Night Of The Hunted [L]','13','https://image.tmdb.org/t/p/w400/fTKCscHMlBPotPQiT6Vf8OEtv80.jpg','',NULL,NULL,'',NULL,'','','ativo','2025-07-22 15:18:41',NULL,NULL,NULL,'http://c.techmain.top:80/movie/sanguinacv/cvsangui');
INSERT INTO `filmes` (`id`,`id_dono`,`nome`,`categoria_id`,`logo`,`descricao`,`atores`,`diretor`,`ano`,`url_video`,`poster`,`backdrop`,`status`,`data_criacao`,`id_pacote`,`duracao`,`data_lancamento`,`url`) VALUES ('32','2','Manobras Radicais','12','https://image.tmdb.org/t/p/w400/3ijvfbWQYLaFQ2PaX6hywnMW3Hv.jpg','A borracha encontra a estrada e o quadro negro encontra o guard-rail em Manobras Radicais, uma comédia altamente eletrizante que conta as aventuras de quatro amigos de Chicago, que trocam suas vidas corriqueiras por uma viagem através do país. Todo esse esforço para poderem fazer parte do mundo radical do skate profissional. Os novatos Mike Vogel, Vince Vieluf, Adam Brody e Joey Kern interpretam esses aventureiros, que têm suas próprias idéias sobre como encarar a vida em cima de uma prancha e quatro rodas. E Jennifer Morrison uma fera do skate que percebe que aqueles rapazes têm potencial para o esporte. Com participações especiais de três Campeões do X-GamesVert e de grandes nomes da comédia, como Randy Quaid, Bobcat Goldthwait e outros, Manobras Radicais é a parada mais descolada do momento!',NULL,NULL,'2003-08-15',NULL,'https://image.tmdb.org/t/p/w400/3ijvfbWQYLaFQ2PaX6hywnMW3Hv.jpg','https://image.tmdb.org/t/p/w780/bcChY1gxAIxV4CtZovHxbqgN0tG.jpg','ativo','2025-07-22 15:18:42',NULL,NULL,NULL,'http://c.techmain.top:80/movie/sanguinacv/cvsangui');
INSERT INTO `filmes` (`id`,`id_dono`,`nome`,`categoria_id`,`logo`,`descricao`,`atores`,`diretor`,`ano`,`url_video`,`poster`,`backdrop`,`status`,`data_criacao`,`id_pacote`,`duracao`,`data_lancamento`,`url`) VALUES ('33','2','Bronx','10','https://image.tmdb.org/t/p/w400/hSpm2mMbkd0hLTRWBz0zolnLAyK.jpg','Em meio a gangues e corrupções no submundo de Marselha, um policial decide fazer justiça com as próprias mãos para proteger sua equipe.',NULL,NULL,'2020-10-30','http://c.techmain.top:80/movie/sanguinacv/cvsanguina/6675471.mp4','https://image.tmdb.org/t/p/w400/9HT9982bzgN5on1sLRmc1GMn6ZC.jpg','https://image.tmdb.org/t/p/w780/jDS3EO7SQnh9F6v6cKyXjvbmtQl.jpg','ativo','2025-07-22 17:17:34',NULL,NULL,NULL,NULL);
INSERT INTO `filmes` (`id`,`id_dono`,`nome`,`categoria_id`,`logo`,`descricao`,`atores`,`diretor`,`ano`,`url_video`,`poster`,`backdrop`,`status`,`data_criacao`,`id_pacote`,`duracao`,`data_lancamento`,`url`) VALUES ('34','2','Calculo Mortal','10','https://image.tmdb.org/t/p/w400/pGNzvmkpRtRJe1NwPYtA3vz7MKl.jpg','Justin Pendleton (Michael Pitt) e Richard Haywood (Ryan Gosling) são dois estudantes brilhantes que decidem praticar um crime perfeito. Após cometerem seu primeiro assassinato a detetive Cassie Mayweather (Sandra Bullock) e seu parceiro Sam Kennedy (Ben Chaplin) são encarregados de solucionar o caso. Durantes as investigações para descobrir o autor dos crimes, a dupla descobre detalhes sobre o passado dos estudantes que podem explicar o porquê deles terem cometido tais assassinatos.',NULL,NULL,'2002-04-19','http://c.techmain.top:80/movie/sanguinacv/cvsanguina/6675473.mp4','https://image.tmdb.org/t/p/w400/pGNzvmkpRtRJe1NwPYtA3vz7MKl.jpg','https://image.tmdb.org/t/p/w780/5fsyOL5sNA4jpqgl9WsxHgbgTja.jpg','ativo','2025-07-22 17:17:35',NULL,NULL,NULL,NULL);
INSERT INTO `filmes` (`id`,`id_dono`,`nome`,`categoria_id`,`logo`,`descricao`,`atores`,`diretor`,`ano`,`url_video`,`poster`,`backdrop`,`status`,`data_criacao`,`id_pacote`,`duracao`,`data_lancamento`,`url`) VALUES ('35','2',' Você E A Garota Que Vai Morrer\" tvg-logo=\"https://image.tmdb.org/t/p/w400/oZ0Te6p0fEdg80sGHZk1HR5FyLQ.jpg\" group-title=\"Filmes | Acao\",Eu, Você E A G','11','','',NULL,NULL,'','http://c.techmain.top:80/movie/sanguinacv/cvsanguina/6675474.mp4','','','ativo','2025-07-22 17:17:35',NULL,NULL,NULL,NULL);
INSERT INTO `filmes` (`id`,`id_dono`,`nome`,`categoria_id`,`logo`,`descricao`,`atores`,`diretor`,`ano`,`url_video`,`poster`,`backdrop`,`status`,`data_criacao`,`id_pacote`,`duracao`,`data_lancamento`,`url`) VALUES ('36','2','Dança Comigo?','12','https://image.tmdb.org/t/p/w400/nBjSWrqs84g8fSbuCoU3WC0t8VX.jpg','Há vários anos o advogado John Clark, especialista em testamentos, leva uma vida rotineira do trabalho para casa e de casa para o trabalho. Apesar de amar sua mulher, Beverly, e seus filhos, John sente que algo está faltando algo em sua vida. Por acaso vê na janela de uma academia Paulina, uma bela professora de dança. Esperando se aproximar dela, John se matricula na academia. Paulina rapidamente elimina qualquer possibilidade de envolvimento com John, mas isto não o faz deixar de ir às aulas, pois ele acha cada vez mais relaxante e divertido dançar.',NULL,NULL,'2004-10-15','http://c.techmain.top:80/movie/sanguinacv/cvsanguina/6675475.mp4','https://image.tmdb.org/t/p/w400/nBjSWrqs84g8fSbuCoU3WC0t8VX.jpg','https://image.tmdb.org/t/p/w780/dbk1GH7eRmUrs8y9WFQP1corti2.jpg','ativo','2025-07-22 17:17:35',NULL,NULL,NULL,NULL);
INSERT INTO `filmes` (`id`,`id_dono`,`nome`,`categoria_id`,`logo`,`descricao`,`atores`,`diretor`,`ano`,`url_video`,`poster`,`backdrop`,`status`,`data_criacao`,`id_pacote`,`duracao`,`data_lancamento`,`url`) VALUES ('37','2','Deltopia','12','https://image.tmdb.org/t/p/w400/cL36UT4NzgkK8oA9DJR7Qu5KlLX.jpg','Deltopia é uma história de amadurecimento que se passa durante um período de 24 horas. Um grupo de amigos do sul da Califórnia termina o último dia do ensino médio e viaja para Santa Bárbara para a maior festa de suas vidas.',NULL,NULL,'2023-08-29','http://c.techmain.top:80/movie/sanguinacv/cvsanguina/6675476.mp4','https://image.tmdb.org/t/p/w400/cL36UT4NzgkK8oA9DJR7Qu5KlLX.jpg','https://image.tmdb.org/t/p/w780/9JWsxW98qsecr6nHS6W3rjnoYy8.jpg','ativo','2025-07-22 17:17:36',NULL,NULL,NULL,NULL);
INSERT INTO `filmes` (`id`,`id_dono`,`nome`,`categoria_id`,`logo`,`descricao`,`atores`,`diretor`,`ano`,`url_video`,`poster`,`backdrop`,`status`,`data_criacao`,`id_pacote`,`duracao`,`data_lancamento`,`url`) VALUES ('38','2','Golda','12','https://image.tmdb.org/t/p/w400/sDVD8YkzeRUfvslY7jMwodjDdnD.jpg','Ambientado na Guerra do Yom Kippur, em 1973, o drama mostra como a primeira-ministra Golda Meir conhecida como a “Dama de Ferro” de Israel enfrenta uma possível destruição do Estado, tomando decisões de alto risco, enquanto luta contra o câncer.',NULL,NULL,'2023-08-23','http://c.techmain.top:80/movie/sanguinacv/cvsanguina/6675477.mp4','https://image.tmdb.org/t/p/w400/sDVD8YkzeRUfvslY7jMwodjDdnD.jpg','https://image.tmdb.org/t/p/w780/ixyUvoBMD4Qz9KYlXSGmXpn3GiK.jpg','ativo','2025-07-22 17:17:36',NULL,NULL,NULL,NULL);
INSERT INTO `filmes` (`id`,`id_dono`,`nome`,`categoria_id`,`logo`,`descricao`,`atores`,`diretor`,`ano`,`url_video`,`poster`,`backdrop`,`status`,`data_criacao`,`id_pacote`,`duracao`,`data_lancamento`,`url`) VALUES ('39','2','Night Of The Hunted [L]','13','https://image.tmdb.org/t/p/w400/fTKCscHMlBPotPQiT6Vf8OEtv80.jpg','',NULL,NULL,'','http://c.techmain.top:80/movie/sanguinacv/cvsanguina/6675478.mp4','','','ativo','2025-07-22 17:17:37',NULL,NULL,NULL,NULL);
INSERT INTO `filmes` (`id`,`id_dono`,`nome`,`categoria_id`,`logo`,`descricao`,`atores`,`diretor`,`ano`,`url_video`,`poster`,`backdrop`,`status`,`data_criacao`,`id_pacote`,`duracao`,`data_lancamento`,`url`) VALUES ('40','2','Manobras Radicais','12','https://image.tmdb.org/t/p/w400/3ijvfbWQYLaFQ2PaX6hywnMW3Hv.jpg','A borracha encontra a estrada e o quadro negro encontra o guard-rail em Manobras Radicais, uma comédia altamente eletrizante que conta as aventuras de quatro amigos de Chicago, que trocam suas vidas corriqueiras por uma viagem através do país. Todo esse esforço para poderem fazer parte do mundo radical do skate profissional. Os novatos Mike Vogel, Vince Vieluf, Adam Brody e Joey Kern interpretam esses aventureiros, que têm suas próprias idéias sobre como encarar a vida em cima de uma prancha e quatro rodas. E Jennifer Morrison uma fera do skate que percebe que aqueles rapazes têm potencial para o esporte. Com participações especiais de três Campeões do X-GamesVert e de grandes nomes da comédia, como Randy Quaid, Bobcat Goldthwait e outros, Manobras Radicais é a parada mais descolada do momento!',NULL,NULL,'2003-08-15','http://c.techmain.top:80/movie/sanguinacv/cvsanguina/6675479.mp4','https://image.tmdb.org/t/p/w400/3ijvfbWQYLaFQ2PaX6hywnMW3Hv.jpg','https://image.tmdb.org/t/p/w780/bcChY1gxAIxV4CtZovHxbqgN0tG.jpg','ativo','2025-07-22 17:17:37',NULL,NULL,NULL,NULL);
INSERT INTO `filmes` (`id`,`id_dono`,`nome`,`categoria_id`,`logo`,`descricao`,`atores`,`diretor`,`ano`,`url_video`,`poster`,`backdrop`,`status`,`data_criacao`,`id_pacote`,`duracao`,`data_lancamento`,`url`) VALUES ('41','4','Bronx','30','https://image.tmdb.org/t/p/w400/hSpm2mMbkd0hLTRWBz0zolnLAyK.jpg','Em meio a gangues e corrupções no submundo de Marselha, um policial decide fazer justiça com as próprias mãos para proteger sua equipe.',NULL,NULL,'2020-10-30','http://c.techmain.top:80/movie/sanguinacv/cvsanguina/6675471.mp4','https://image.tmdb.org/t/p/w400/9HT9982bzgN5on1sLRmc1GMn6ZC.jpg','https://image.tmdb.org/t/p/w780/jDS3EO7SQnh9F6v6cKyXjvbmtQl.jpg','ativo','2025-07-22 22:42:16',NULL,NULL,NULL,NULL);
INSERT INTO `filmes` (`id`,`id_dono`,`nome`,`categoria_id`,`logo`,`descricao`,`atores`,`diretor`,`ano`,`url_video`,`poster`,`backdrop`,`status`,`data_criacao`,`id_pacote`,`duracao`,`data_lancamento`,`url`) VALUES ('42','4','Calculo Mortal','30','https://image.tmdb.org/t/p/w400/pGNzvmkpRtRJe1NwPYtA3vz7MKl.jpg','Justin Pendleton (Michael Pitt) e Richard Haywood (Ryan Gosling) são dois estudantes brilhantes que decidem praticar um crime perfeito. Após cometerem seu primeiro assassinato a detetive Cassie Mayweather (Sandra Bullock) e seu parceiro Sam Kennedy (Ben Chaplin) são encarregados de solucionar o caso. Durantes as investigações para descobrir o autor dos crimes, a dupla descobre detalhes sobre o passado dos estudantes que podem explicar o porquê deles terem cometido tais assassinatos.',NULL,NULL,'2002-04-19','http://c.techmain.top:80/movie/sanguinacv/cvsanguina/6675473.mp4','https://image.tmdb.org/t/p/w400/pGNzvmkpRtRJe1NwPYtA3vz7MKl.jpg','https://image.tmdb.org/t/p/w780/5fsyOL5sNA4jpqgl9WsxHgbgTja.jpg','ativo','2025-07-22 22:42:17',NULL,NULL,NULL,NULL);
INSERT INTO `filmes` (`id`,`id_dono`,`nome`,`categoria_id`,`logo`,`descricao`,`atores`,`diretor`,`ano`,`url_video`,`poster`,`backdrop`,`status`,`data_criacao`,`id_pacote`,`duracao`,`data_lancamento`,`url`) VALUES ('44','4','Dança Comigo?','32','https://image.tmdb.org/t/p/w400/nBjSWrqs84g8fSbuCoU3WC0t8VX.jpg','Há vários anos o advogado John Clark, especialista em testamentos, leva uma vida rotineira do trabalho para casa e de casa para o trabalho. Apesar de amar sua mulher, Beverly, e seus filhos, John sente que algo está faltando algo em sua vida. Por acaso vê na janela de uma academia Paulina, uma bela professora de dança. Esperando se aproximar dela, John se matricula na academia. Paulina rapidamente elimina qualquer possibilidade de envolvimento com John, mas isto não o faz deixar de ir às aulas, pois ele acha cada vez mais relaxante e divertido dançar.',NULL,NULL,'2004-10-15','http://c.techmain.top:80/movie/sanguinacv/cvsanguina/6675475.mp4','https://image.tmdb.org/t/p/w400/nBjSWrqs84g8fSbuCoU3WC0t8VX.jpg','https://image.tmdb.org/t/p/w780/dbk1GH7eRmUrs8y9WFQP1corti2.jpg','ativo','2025-07-22 22:42:18',NULL,NULL,NULL,NULL);
INSERT INTO `filmes` (`id`,`id_dono`,`nome`,`categoria_id`,`logo`,`descricao`,`atores`,`diretor`,`ano`,`url_video`,`poster`,`backdrop`,`status`,`data_criacao`,`id_pacote`,`duracao`,`data_lancamento`,`url`) VALUES ('45','4','Deltopia','32','https://image.tmdb.org/t/p/w400/cL36UT4NzgkK8oA9DJR7Qu5KlLX.jpg','Deltopia é uma história de amadurecimento que se passa durante um período de 24 horas. Um grupo de amigos do sul da Califórnia termina o último dia do ensino médio e viaja para Santa Bárbara para a maior festa de suas vidas.',NULL,NULL,'2023-08-29','http://c.techmain.top:80/movie/sanguinacv/cvsanguina/6675476.mp4','https://image.tmdb.org/t/p/w400/cL36UT4NzgkK8oA9DJR7Qu5KlLX.jpg','https://image.tmdb.org/t/p/w780/9JWsxW98qsecr6nHS6W3rjnoYy8.jpg','ativo','2025-07-22 22:42:18',NULL,NULL,NULL,NULL);
INSERT INTO `filmes` (`id`,`id_dono`,`nome`,`categoria_id`,`logo`,`descricao`,`atores`,`diretor`,`ano`,`url_video`,`poster`,`backdrop`,`status`,`data_criacao`,`id_pacote`,`duracao`,`data_lancamento`,`url`) VALUES ('46','4','Golda','32','https://image.tmdb.org/t/p/w400/sDVD8YkzeRUfvslY7jMwodjDdnD.jpg','Ambientado na Guerra do Yom Kippur, em 1973, o drama mostra como a primeira-ministra Golda Meir conhecida como a “Dama de Ferro” de Israel enfrenta uma possível destruição do Estado, tomando decisões de alto risco, enquanto luta contra o câncer.',NULL,NULL,'2023-08-23','http://c.techmain.top:80/movie/sanguinacv/cvsanguina/6675477.mp4','https://image.tmdb.org/t/p/w400/sDVD8YkzeRUfvslY7jMwodjDdnD.jpg','https://image.tmdb.org/t/p/w780/ixyUvoBMD4Qz9KYlXSGmXpn3GiK.jpg','ativo','2025-07-22 22:42:19',NULL,NULL,NULL,NULL);
INSERT INTO `filmes` (`id`,`id_dono`,`nome`,`categoria_id`,`logo`,`descricao`,`atores`,`diretor`,`ano`,`url_video`,`poster`,`backdrop`,`status`,`data_criacao`,`id_pacote`,`duracao`,`data_lancamento`,`url`) VALUES ('47','4','Night Of The Hunted [L]','33','https://image.tmdb.org/t/p/w400/fTKCscHMlBPotPQiT6Vf8OEtv80.jpg','',NULL,NULL,'','http://c.techmain.top:80/movie/sanguinacv/cvsanguina/6675478.mp4','','','ativo','2025-07-22 22:42:19',NULL,NULL,NULL,NULL);
INSERT INTO `filmes` (`id`,`id_dono`,`nome`,`categoria_id`,`logo`,`descricao`,`atores`,`diretor`,`ano`,`url_video`,`poster`,`backdrop`,`status`,`data_criacao`,`id_pacote`,`duracao`,`data_lancamento`,`url`) VALUES ('48','4','Manobras Radicais','32','https://image.tmdb.org/t/p/w400/3ijvfbWQYLaFQ2PaX6hywnMW3Hv.jpg','A borracha encontra a estrada e o quadro negro encontra o guard-rail em Manobras Radicais, uma comédia altamente eletrizante que conta as aventuras de quatro amigos de Chicago, que trocam suas vidas corriqueiras por uma viagem através do país. Todo esse esforço para poderem fazer parte do mundo radical do skate profissional. Os novatos Mike Vogel, Vince Vieluf, Adam Brody e Joey Kern interpretam esses aventureiros, que têm suas próprias idéias sobre como encarar a vida em cima de uma prancha e quatro rodas. E Jennifer Morrison uma fera do skate que percebe que aqueles rapazes têm potencial para o esporte. Com participações especiais de três Campeões do X-GamesVert e de grandes nomes da comédia, como Randy Quaid, Bobcat Goldthwait e outros, Manobras Radicais é a parada mais descolada do momento!',NULL,NULL,'2003-08-15','http://c.techmain.top:80/movie/sanguinacv/cvsanguina/6675479.mp4','https://image.tmdb.org/t/p/w400/3ijvfbWQYLaFQ2PaX6hywnMW3Hv.jpg','https://image.tmdb.org/t/p/w780/bcChY1gxAIxV4CtZovHxbqgN0tG.jpg','ativo','2025-07-22 22:42:20',NULL,NULL,NULL,NULL);

CREATE TABLE `pacotes` (
  `id` int(11) NOT NULL AUTO_INCREMENT,
  `id_dono` int(11) NOT NULL,
  `nome` varchar(80) NOT NULL,
  `descricao` varchar(220) DEFAULT NULL,
  PRIMARY KEY (`id`)
) ENGINE=InnoDB AUTO_INCREMENT=3 DEFAULT CHARSET=utf8mb4 COLLATE=utf8mb4_unicode_ci;

INSERT INTO `pacotes` (`id`,`id_dono`,`nome`,`descricao`) VALUES ('1','2','Pacote teste','Pacote teste completo');
INSERT INTO `pacotes` (`id`,`id_dono`,`nome`,`descricao`) VALUES ('2','4','Teste rápido','Teste novo');

CREATE TABLE `pacotes_categorias` (
  `id` int(11) NOT NULL AUTO_INCREMENT,
  `pacote_id` int(11) NOT NULL,
  `categoria_id` int(11) NOT NULL,
  `id_dono` int(11) NOT NULL,
  PRIMARY KEY (`id`),
  KEY `pacote_id` (`pacote_id`),
  KEY `categoria_id` (`categoria_id`),
  CONSTRAINT `pacotes_categorias_ibfk_1` FOREIGN KEY (`pacote_id`) REFERENCES `pacotes` (`id`) ON DELETE CASCADE,
  CONSTRAINT `pacotes_categorias_ibfk_2` FOREIGN KEY (`categoria_id`) REFERENCES `categorias` (`id`) ON DELETE CASCADE
) ENGINE=InnoDB AUTO_INCREMENT=13 DEFAULT CHARSET=utf8mb4 COLLATE=utf8mb4_unicode_ci;

INSERT INTO `pacotes_categorias` (`id`,`pacote_id`,`categoria_id`,`id_dono`) VALUES ('1','1','9','2');
INSERT INTO `pacotes_categorias` (`id`,`pacote_id`,`categoria_id`,`id_dono`) VALUES ('2','1','10','2');
INSERT INTO `pacotes_categorias` (`id`,`pacote_id`,`categoria_id`,`id_dono`) VALUES ('3','1','13','2');
INSERT INTO `pacotes_categorias` (`id`,`pacote_id`,`categoria_id`,`id_dono`) VALUES ('4','1','12','2');
INSERT INTO `pacotes_categorias` (`id`,`pacote_id`,`categoria_id`,`id_dono`) VALUES ('5','1','11','2');
INSERT INTO `pacotes_categorias` (`id`,`pacote_id`,`categoria_id`,`id_dono`) VALUES ('6','1','14','2');
INSERT INTO `pacotes_categorias` (`id`,`pacote_id`,`categoria_id`,`id_dono`) VALUES ('7','2','29','4');
INSERT INTO `pacotes_categorias` (`id`,`pacote_id`,`categoria_id`,`id_dono`) VALUES ('8','2','30','4');
INSERT INTO `pacotes_categorias` (`id`,`pacote_id`,`categoria_id`,`id_dono`) VALUES ('9','2','33','4');
INSERT INTO `pacotes_categorias` (`id`,`pacote_id`,`categoria_id`,`id_dono`) VALUES ('10','2','32','4');
INSERT INTO `pacotes_categorias` (`id`,`pacote_id`,`categoria_id`,`id_dono`) VALUES ('11','2','31','4');
INSERT INTO `pacotes_categorias` (`id`,`pacote_id`,`categoria_id`,`id_dono`) VALUES ('12','2','34','4');

CREATE TABLE `planos` (
  `id` int(11) NOT NULL AUTO_INCREMENT,
  `id_dono` int(11) NOT NULL,
  `nome` varchar(50) NOT NULL,
  `dias` int(11) NOT NULL,
  `preco` decimal(10,2) NOT NULL DEFAULT 0.00,
  `descricao` text DEFAULT NULL,
  `tipo_pagamento` enum('manual','automatico_mercadopago','automatico_asaas') NOT NULL DEFAULT 'manual',
  `chave_pix` varchar(100) DEFAULT NULL,
  `token_bot` varchar(150) DEFAULT NULL,
  `telegram_id` varchar(100) DEFAULT NULL,
  `whatsapp` varchar(20) DEFAULT NULL,
  `token_mercadopago` varchar(180) DEFAULT NULL,
  `link_mercadopago` varchar(255) NOT NULL DEFAULT '',
  `token_asaas` varchar(180) DEFAULT NULL,
  `id_asaas` varchar(100) NOT NULL DEFAULT '',
  `link_asaas` varchar(255) NOT NULL DEFAULT '',
  PRIMARY KEY (`id`)
) ENGINE=InnoDB AUTO_INCREMENT=12 DEFAULT CHARSET=utf8mb4 COLLATE=utf8mb4_unicode_ci;

INSERT INTO `planos` (`id`,`id_dono`,`nome`,`dias`,`preco`,`descricao`,`tipo_pagamento`,`chave_pix`,`token_bot`,`telegram_id`,`whatsapp`,`token_mercadopago`,`link_mercadopago`,`token_asaas`,`id_asaas`,`link_asaas`) VALUES ('2','1','Plano Básico teste','30','20.00','Plano teste logo terá planos ativos','manual','99509016187','8365675755:AAHMIUC-zqBDsOSMiCDE3VpsGiAuJtW7wQo','649916980','62996481708','','','','','');
INSERT INTO `planos` (`id`,`id_dono`,`nome`,`dias`,`preco`,`descricao`,`tipo_pagamento`,`chave_pix`,`token_bot`,`telegram_id`,`whatsapp`,`token_mercadopago`,`link_mercadopago`,`token_asaas`,`id_asaas`,`link_asaas`) VALUES ('10','1','Plano 30DIAS Com Pagamento automático','30','10.00','Automático assas','automatico_asaas','','8365675755:AAHMIUC-zqBDsOSMiCDE3VpsGiAuJtW7wQo','649916980','62996481708','APP_USR-59bb6ded-8691-48e1-a9f5-fb3202a33996','<br /><b>Warning</b>:  Undefined array key','','','https://www.asaas.com/c/m4py3c14e5iz0isi');

CREATE TABLE `planos_credito` (
  `id` int(11) NOT NULL AUTO_INCREMENT,
  `id_dono` int(11) NOT NULL,
  `nome` varchar(100) NOT NULL,
  `descricao` varchar(200) DEFAULT NULL,
  `creditos` int(11) NOT NULL,
  `preco` decimal(10,2) NOT NULL,
  `tipo_pagamento` enum('manual','automatico_mercadopago','automatico_asaas') NOT NULL DEFAULT 'manual',
  `chave_pix` varchar(100) DEFAULT NULL,
  `token_mercadopago` varchar(255) DEFAULT NULL,
  `link_mercadopago` varchar(255) DEFAULT NULL,
  `token_asaas` varchar(255) DEFAULT NULL,
  `link_asaas` varchar(255) DEFAULT NULL,
  `ativo` tinyint(1) DEFAULT 1,
  `criado_em` datetime DEFAULT current_timestamp(),
  `whatsapp` varchar(20) DEFAULT NULL,
  `token_bot` varchar(255) DEFAULT NULL,
  `telegram_chat_id` varchar(255) DEFAULT NULL,
  PRIMARY KEY (`id`),
  KEY `id_dono` (`id_dono`)
) ENGINE=InnoDB AUTO_INCREMENT=4 DEFAULT CHARSET=utf8mb4 COLLATE=utf8mb4_general_ci;

INSERT INTO `planos_credito` (`id`,`id_dono`,`nome`,`descricao`,`creditos`,`preco`,`tipo_pagamento`,`chave_pix`,`token_mercadopago`,`link_mercadopago`,`token_asaas`,`link_asaas`,`ativo`,`criado_em`,`whatsapp`,`token_bot`,`telegram_chat_id`) VALUES ('1','4','Plano Básico','Plano Básico pagamento manual após o pagamento enviar o comprovante via whatsapp ou telegram para confirmação e atualização do seus créditos.','10','5.00','manual','99509016187','','','','','0','2025-07-25 20:47:48',NULL,NULL,NULL);
INSERT INTO `planos_credito` (`id`,`id_dono`,`nome`,`descricao`,`creditos`,`preco`,`tipo_pagamento`,`chave_pix`,`token_mercadopago`,`link_mercadopago`,`token_asaas`,`link_asaas`,`ativo`,`criado_em`,`whatsapp`,`token_bot`,`telegram_chat_id`) VALUES ('2','4','Plano Basico manual','Após o pagamento enviar o comprovante pelo whatsapp ou telegram para atualização de seus créditos.','10','5.00','manual','99509016187','','','','','1','2025-07-25 20:49:27','62996481708','8365675755:AAEiqJ9feh36H67i-mU0SpC_Y6NapUBU5o4','649916980');
INSERT INTO `planos_credito` (`id`,`id_dono`,`nome`,`descricao`,`creditos`,`preco`,`tipo_pagamento`,`chave_pix`,`token_mercadopago`,`link_mercadopago`,`token_asaas`,`link_asaas`,`ativo`,`criado_em`,`whatsapp`,`token_bot`,`telegram_chat_id`) VALUES ('3','5','Plano Basico manual revenda Master','Após o pagamento mandar o comprovante para o telegram.','10','5.00','manual','99509016187','','','','','1','2025-07-27 02:02:35','62996481708','8365675755:AAEiqJ9feh36H67i-mU0SpC_Y6NapUBU5o4','649916980');


CREATE TABLE `series` (
  `id` int(11) NOT NULL AUTO_INCREMENT,
  `id_dono` int(11) NOT NULL,
  `nome` varchar(150) NOT NULL,
  `categoria_id` int(11) DEFAULT NULL,
  `logo` varchar(255) DEFAULT NULL,
  `descricao` text DEFAULT NULL,
  `atores` varchar(255) DEFAULT NULL,
  `ano` varchar(10) DEFAULT NULL,
  `poster` varchar(255) DEFAULT NULL,
  `backdrop` varchar(255) DEFAULT NULL,
  `status` enum('ativo','inativo','bloqueado') DEFAULT 'ativo',
  `data_criacao` datetime DEFAULT current_timestamp(),
  `id_pacote` int(11) DEFAULT NULL,
  `url` varchar(255) DEFAULT NULL,
  PRIMARY KEY (`id`),
  KEY `categoria_id` (`categoria_id`),
  CONSTRAINT `series_ibfk_1` FOREIGN KEY (`categoria_id`) REFERENCES `categorias` (`id`)
) ENGINE=InnoDB AUTO_INCREMENT=45 DEFAULT CHARSET=utf8mb4 COLLATE=utf8mb4_general_ci;

INSERT INTO `series` (`id`,`id_dono`,`nome`,`categoria_id`,`logo`,`descricao`,`atores`,`ano`,`poster`,`backdrop`,`status`,`data_criacao`,`id_pacote`,`url`) VALUES ('29','2','Lei & Ordem: Unidade de Vítimas Especiais S04E08','14','https://image.tmdb.org/t/p/w600_and_h900_bestv2/sjoSXHuu7peNJlfOZIaJdImpJdl.jpg','',NULL,'','','','ativo','2025-07-22 15:18:09',NULL,NULL);
INSERT INTO `series` (`id`,`id_dono`,`nome`,`categoria_id`,`logo`,`descricao`,`atores`,`ano`,`poster`,`backdrop`,`status`,`data_criacao`,`id_pacote`,`url`) VALUES ('30','2','Lei & Ordem: Unidade de Vítimas Especiais S04E09','14','https://image.tmdb.org/t/p/w600_and_h900_bestv2/5zZKXgC3uxscB7GIJDfhsamkka0.jpg','',NULL,'','','','ativo','2025-07-22 15:18:10',NULL,NULL);
INSERT INTO `series` (`id`,`id_dono`,`nome`,`categoria_id`,`logo`,`descricao`,`atores`,`ano`,`poster`,`backdrop`,`status`,`data_criacao`,`id_pacote`,`url`) VALUES ('31','2','Lei & Ordem: Unidade de Vítimas Especiais S04E10','14','https://image.tmdb.org/t/p/w600_and_h900_bestv2/eQ7R0iUO4khGHW0Cghe8Texsz9l.jpg','',NULL,'','','','ativo','2025-07-22 15:18:10',NULL,NULL);
INSERT INTO `series` (`id`,`id_dono`,`nome`,`categoria_id`,`logo`,`descricao`,`atores`,`ano`,`poster`,`backdrop`,`status`,`data_criacao`,`id_pacote`,`url`) VALUES ('32','2','Lei & Ordem: Unidade de Vítimas Especiais S04E11','14','https://image.tmdb.org/t/p/w600_and_h900_bestv2/mK7rVAJO3yvNDqnsJUo96T7MQkw.jpg','',NULL,'','','','ativo','2025-07-22 15:18:11',NULL,NULL);
INSERT INTO `series` (`id`,`id_dono`,`nome`,`categoria_id`,`logo`,`descricao`,`atores`,`ano`,`poster`,`backdrop`,`status`,`data_criacao`,`id_pacote`,`url`) VALUES ('33','2','Lei & Ordem: Unidade de Vítimas Especiais S04E12','14','https://image.tmdb.org/t/p/w600_and_h900_bestv2/bHN2IfBfNJGQK3FyTMdRj4J8ntQ.jpg','',NULL,'','','','ativo','2025-07-22 15:18:11',NULL,NULL);
INSERT INTO `series` (`id`,`id_dono`,`nome`,`categoria_id`,`logo`,`descricao`,`atores`,`ano`,`poster`,`backdrop`,`status`,`data_criacao`,`id_pacote`,`url`) VALUES ('34','2','Lei & Ordem: Unidade de Vítimas Especiais S04E13','14','https://image.tmdb.org/t/p/w600_and_h900_bestv2/2mEqsYOA45cuDQx9RBXQsjTV4V9.jpg','',NULL,'','','','ativo','2025-07-22 15:18:12',NULL,NULL);
INSERT INTO `series` (`id`,`id_dono`,`nome`,`categoria_id`,`logo`,`descricao`,`atores`,`ano`,`poster`,`backdrop`,`status`,`data_criacao`,`id_pacote`,`url`) VALUES ('35','2','Lei & Ordem: Unidade de Vítimas Especiais S04E14','14','https://image.tmdb.org/t/p/w600_and_h900_bestv2/rVzHVt374ajiFGKbXazLa07korM.jpg','',NULL,'','','','ativo','2025-07-22 15:18:12',NULL,NULL);
INSERT INTO `series` (`id`,`id_dono`,`nome`,`categoria_id`,`logo`,`descricao`,`atores`,`ano`,`poster`,`backdrop`,`status`,`data_criacao`,`id_pacote`,`url`) VALUES ('36','2','Lei & Ordem: Unidade de Vítimas Especiais S04E15','14','https://image.tmdb.org/t/p/w600_and_h900_bestv2/1H7UiCV5oKIMHDOuGBklgVnOfL.jpg','',NULL,'','','','ativo','2025-07-22 15:18:12',NULL,NULL);
INSERT INTO `series` (`id`,`id_dono`,`nome`,`categoria_id`,`logo`,`descricao`,`atores`,`ano`,`poster`,`backdrop`,`status`,`data_criacao`,`id_pacote`,`url`) VALUES ('37','2','Lei & Ordem: Unidade de Vítimas Especiais S04E16','14','https://image.tmdb.org/t/p/w600_and_h900_bestv2/A1rLQohAnfL75thmX4N5Hjf3lm9.jpg','',NULL,'','','','ativo','2025-07-22 15:18:13',NULL,NULL);
INSERT INTO `series` (`id`,`id_dono`,`nome`,`categoria_id`,`logo`,`descricao`,`atores`,`ano`,`poster`,`backdrop`,`status`,`data_criacao`,`id_pacote`,`url`) VALUES ('38','2','Lei & Ordem: Unidade de Vítimas Especiais S04E17','14','https://image.tmdb.org/t/p/w600_and_h900_bestv2/2c88CYNNSZVGHKEeB4ojakGP7YN.jpg','',NULL,'','','','ativo','2025-07-22 15:18:13',NULL,NULL);
INSERT INTO `series` (`id`,`id_dono`,`nome`,`categoria_id`,`logo`,`descricao`,`atores`,`ano`,`poster`,`backdrop`,`status`,`data_criacao`,`id_pacote`,`url`) VALUES ('39','2','Lei & Ordem: Unidade de Vítimas Especiais S04E18','14','https://image.tmdb.org/t/p/w600_and_h900_bestv2/qRuKcqBhGcZmdwoRsumLkoT8zyv.jpg','',NULL,'','','','ativo','2025-07-22 15:18:14',NULL,NULL);
INSERT INTO `series` (`id`,`id_dono`,`nome`,`categoria_id`,`logo`,`descricao`,`atores`,`ano`,`poster`,`backdrop`,`status`,`data_criacao`,`id_pacote`,`url`) VALUES ('40','2','Lei & Ordem: Unidade de Vítimas Especiais S04E19','14','https://image.tmdb.org/t/p/w600_and_h900_bestv2/x0QhHAZNb4EZtgTtyKd6x1Y00VU.jpg','',NULL,'','','','ativo','2025-07-22 15:18:14',NULL,NULL);
INSERT INTO `series` (`id`,`id_dono`,`nome`,`categoria_id`,`logo`,`descricao`,`atores`,`ano`,`poster`,`backdrop`,`status`,`data_criacao`,`id_pacote`,`url`) VALUES ('41','2','Lei & Ordem: Unidade de Vítimas Especiais S04E20','14','https://image.tmdb.org/t/p/w600_and_h900_bestv2/7AB7Vwum95G8sSHkqIU393IvKSk.jpg','',NULL,'','','','ativo','2025-07-22 15:18:15',NULL,NULL);
INSERT INTO `series` (`id`,`id_dono`,`nome`,`categoria_id`,`logo`,`descricao`,`atores`,`ano`,`poster`,`backdrop`,`status`,`data_criacao`,`id_pacote`,`url`) VALUES ('42','2','Lei & Ordem: Unidade de Vítimas Especiais S04E21','14','https://image.tmdb.org/t/p/w600_and_h900_bestv2/hfiea7TcNKuR4yYw1pZVQVzIr17.jpg','',NULL,'','','','ativo','2025-07-22 15:18:15',NULL,NULL);
INSERT INTO `series` (`id`,`id_dono`,`nome`,`categoria_id`,`logo`,`descricao`,`atores`,`ano`,`poster`,`backdrop`,`status`,`data_criacao`,`id_pacote`,`url`) VALUES ('43','2','Lei & Ordem: Unidade de Vítimas Especiais','14','https://image.tmdb.org/t/p/w600_and_h900_bestv2/sjoSXHuu7peNJlfOZIaJdImpJdl.jpg','Detetives que fazem parte da Unidade de Vítimas Especiais da polícia de Nova York investigam crimes de natureza sexual, como estupros, em que a vítima sobrevive, e auxilia as autoridades na investigação.',NULL,'1999-09-20','https://image.tmdb.org/t/p/w400/gUMArcGnsNmsJgQky7vE0cdnf4Y.jpg','https://image.tmdb.org/t/p/w780/oRdc2nn7jLOYy4fBdvmFKPsKzZE.jpg','ativo','2025-07-22 17:17:38',NULL,NULL);
INSERT INTO `series` (`id`,`id_dono`,`nome`,`categoria_id`,`logo`,`descricao`,`atores`,`ano`,`poster`,`backdrop`,`status`,`data_criacao`,`id_pacote`,`url`) VALUES ('44','4','Lei & Ordem: Unidade de Vítimas Especiais','34','https://image.tmdb.org/t/p/w600_and_h900_bestv2/sjoSXHuu7peNJlfOZIaJdImpJdl.jpg','Detetives que fazem parte da Unidade de Vítimas Especiais da polícia de Nova York investigam crimes de natureza sexual, como estupros, em que a vítima sobrevive, e auxilia as autoridades na investigação.',NULL,'1999-09-20','https://image.tmdb.org/t/p/w400/gUMArcGnsNmsJgQky7vE0cdnf4Y.jpg','https://image.tmdb.org/t/p/w780/oRdc2nn7jLOYy4fBdvmFKPsKzZE.jpg','ativo','2025-07-22 22:42:20',NULL,NULL);

